{"id":80,"date":"2023-10-08T20:13:11","date_gmt":"2023-10-08T18:13:11","guid":{"rendered":"https:\/\/latelier-bleuenn.fr\/?page_id=80"},"modified":"2024-12-27T15:47:00","modified_gmt":"2024-12-27T14:47:00","slug":"mariages","status":"publish","type":"page","link":"https:\/\/latelier-bleuenn.fr\/index.php\/mariages\/","title":{"rendered":"Mariages"},"content":{"rendered":"<p>[et_pb_section fb_built=\u00a0\u00bb1&Prime; _builder_version=\u00a0\u00bb4.22.2&Prime; _module_preset=\u00a0\u00bbdefault\u00a0\u00bb background_color=\u00a0\u00bb#FFFFFF\u00a0\u00bb global_colors_info=\u00a0\u00bb{}\u00a0\u00bb][et_pb_row _builder_version=\u00a0\u00bb4.22.2&Prime; _module_preset=\u00a0\u00bbdefault\u00a0\u00bb global_colors_info=\u00a0\u00bb{}\u00a0\u00bb][et_pb_column type=\u00a0\u00bb4_4&Prime; _builder_version=\u00a0\u00bb4.22.2&Prime; _module_preset=\u00a0\u00bbdefault\u00a0\u00bb global_colors_info=\u00a0\u00bb{}\u00a0\u00bb][et_pb_menu menu_style=\u00a0\u00bbcentered\u00a0\u00bb _builder_version=\u00a0\u00bb4.24.2&Prime; _module_preset=\u00a0\u00bbdefault\u00a0\u00bb global_colors_info=\u00a0\u00bb{}\u00a0\u00bb][\/et_pb_menu][et_pb_heading title=\u00a0\u00bbL&rsquo;ambiance florale de votre mariage se doit de mettre en valeur ce que votre union a de plus intense et de plus profond.\u00a0\u00bb _builder_version=\u00a0\u00bb4.24.2&Prime; _module_preset=\u00a0\u00bbdefault\u00a0\u00bb title_font=\u00a0\u00bbAbyssinica SIL||on|||on|||\u00a0\u00bb title_text_align=\u00a0\u00bbcenter\u00a0\u00bb title_font_size=\u00a0\u00bb15px\u00a0\u00bb title_letter_spacing=\u00a0\u00bb6px\u00a0\u00bb title_line_height=\u00a0\u00bb1.3em\u00a0\u00bb background_enable_image=\u00a0\u00bboff\u00a0\u00bb global_colors_info=\u00a0\u00bb{}\u00a0\u00bb][\/et_pb_heading][\/et_pb_column][\/et_pb_row][et_pb_row column_structure=\u00a0\u00bb2_5,3_5&Prime; _builder_version=\u00a0\u00bb4.22.2&Prime; _module_preset=\u00a0\u00bbdefault\u00a0\u00bb global_colors_info=\u00a0\u00bb{}\u00a0\u00bb][et_pb_column type=\u00a0\u00bb2_5&Prime; _builder_version=\u00a0\u00bb4.22.2&Prime; _module_preset=\u00a0\u00bbdefault\u00a0\u00bb background_enable_color=\u00a0\u00bboff\u00a0\u00bb background_image=\u00a0\u00bbhttps:\/\/latelier-bleuenn.fr\/wp-content\/uploads\/2023\/10\/bg20-scaled.jpg\u00a0\u00bb global_colors_info=\u00a0\u00bb{}\u00a0\u00bb][et_pb_image src=\u00a0\u00bbhttps:\/\/latelier-bleuenn.fr\/wp-content\/uploads\/2024\/01\/0068_Mariage_Marie_Laure___Arnaud-68_WEB.jpg\u00a0\u00bb title_text=\u00a0\u00bb0068_Mariage_Marie_Laure___Arnaud-68_WEB\u00a0\u00bb _builder_version=\u00a0\u00bb4.24.0&Prime; _module_preset=\u00a0\u00bbdefault\u00a0\u00bb global_colors_info=\u00a0\u00bb{}\u00a0\u00bb][\/et_pb_image][\/et_pb_column][et_pb_column type=\u00a0\u00bb3_5&Prime; _builder_version=\u00a0\u00bb4.22.2&Prime; _module_preset=\u00a0\u00bbdefault\u00a0\u00bb global_colors_info=\u00a0\u00bb{}\u00a0\u00bb][et_pb_text _builder_version=\u00a0\u00bb4.24.0&Prime; _module_preset=\u00a0\u00bbdefault\u00a0\u00bb text_font_size=\u00a0\u00bb13px\u00a0\u00bb global_colors_info=\u00a0\u00bb{}\u00a0\u00bb]<\/p>\n<p>Bienvenue chez L&rsquo;Atelier Bleuenn ! Nous mettons un point d\u2019honneur \u00e0 concr\u00e9tiser vos envies en harmonisant vos id\u00e9es afin de cr\u00e9er une ambiance florale unique qui vous ressemble.<\/p>\n<p>Avec une approche minutieuse et naturelle, j&rsquo;aime m\u00e9langer les couleurs et les mati\u00e8res pour cr\u00e9er des arrangements floraux \u00e0 la fois \u00e9l\u00e9gants et authentiques. Au sein de mon atelier, je donne ainsi vie \u00e0 vos id\u00e9es, \u00e0 vos envies et aux \u00e9motions que vous souhaitez\u00a0 transmettre lors de cette journ\u00e9e unique. Laissez-moi faire de votre mariage un moment magique et inoubliable gr\u00e2ce \u00e0 mes cr\u00e9ations florales.<\/p>\n<p>Bouquet de la mari\u00e9e, boutonni\u00e8res, ou encore peigne ou bracelets pour le cort\u00e8ge. D\u00e9coration florale pour la c\u00e9r\u00e9monie, composition pour embellir votre v\u00e9hicule ou encore sc\u00e9nographie de votre salle de r\u00e9ception. Tout est confectionn\u00e9 avec coeur et savoir faire.<\/p>\n<p>Je vous conseille lors\u00a0 d&rsquo;un premier rendez-vous nous permettant d\u2019\u00e9changer sur vos go\u00fbts, vos inspirations afin que ce jour unique soit \u00e0 la hauteur de vos attentes.<\/p>\n<p>Je vous accompagne tout au long de la pr\u00e9paration de votre mariage en restant \u00e0 votre \u00e9coute.<\/p>\n<p>[\/et_pb_text][\/et_pb_column][\/et_pb_row][et_pb_row column_structure=\u00a0\u00bb3_5,2_5&Prime; _builder_version=\u00a0\u00bb4.24.0&Prime; _module_preset=\u00a0\u00bbdefault\u00a0\u00bb global_colors_info=\u00a0\u00bb{}\u00a0\u00bb][et_pb_column type=\u00a0\u00bb3_5&Prime; _builder_version=\u00a0\u00bb4.24.0&Prime; _module_preset=\u00a0\u00bbdefault\u00a0\u00bb global_colors_info=\u00a0\u00bb{}\u00a0\u00bb][dipl_tilt_image image=\u00a0\u00bbhttps:\/\/latelier-bleuenn.fr\/wp-content\/uploads\/2024\/02\/01180.jpg\u00a0\u00bb _builder_version=\u00a0\u00bb4.24.0&Prime; _module_preset=\u00a0\u00bbdefault\u00a0\u00bb global_colors_info=\u00a0\u00bb{}\u00a0\u00bb][\/dipl_tilt_image][\/et_pb_column][et_pb_column type=\u00a0\u00bb2_5&Prime; _builder_version=\u00a0\u00bb4.24.0&Prime; _module_preset=\u00a0\u00bbdefault\u00a0\u00bb global_colors_info=\u00a0\u00bb{}\u00a0\u00bb][dipl_tilt_image image=\u00a0\u00bbhttps:\/\/latelier-bleuenn.fr\/wp-content\/uploads\/2024\/02\/mariage-civil-soune-sylvain-119.jpg\u00a0\u00bb _builder_version=\u00a0\u00bb4.24.0&Prime; _module_preset=\u00a0\u00bbdefault\u00a0\u00bb global_colors_info=\u00a0\u00bb{}\u00a0\u00bb][\/dipl_tilt_image][\/et_pb_column][\/et_pb_row][\/et_pb_section][et_pb_section fb_built=\u00a0\u00bb1&Prime; _builder_version=\u00a0\u00bb4.22.2&Prime; _module_preset=\u00a0\u00bbdefault\u00a0\u00bb background_color=\u00a0\u00bb#EDF1F9&Prime; global_colors_info=\u00a0\u00bb{}\u00a0\u00bb][et_pb_row column_structure=\u00a0\u00bb1_5,1_5,1_5,1_5,1_5&Prime; _builder_version=\u00a0\u00bb4.22.2&Prime; _module_preset=\u00a0\u00bbdefault\u00a0\u00bb global_colors_info=\u00a0\u00bb{}\u00a0\u00bb][et_pb_column type=\u00a0\u00bb1_5&Prime; _builder_version=\u00a0\u00bb4.22.2&Prime; _module_preset=\u00a0\u00bbdefault\u00a0\u00bb global_colors_info=\u00a0\u00bb{}\u00a0\u00bb][dipl_image_card title=\u00a0\u00bbIsabelle &#038; J\u00e9r\u00e9mie\u00a0\u00bb image=\u00a0\u00bbhttps:\/\/latelier-bleuenn.fr\/wp-content\/uploads\/2023\/10\/1.jpg\u00a0\u00bb content_bg_color=\u00a0\u00bb#FFFFFF\u00a0\u00bb _builder_version=\u00a0\u00bb4.24.0&Prime; _module_preset=\u00a0\u00bbdefault\u00a0\u00bb text_orientation=\u00a0\u00bbcenter\u00a0\u00bb hover_enabled=\u00a0\u00bb0&Prime; global_colors_info=\u00a0\u00bb{}\u00a0\u00bb sticky_enabled=\u00a0\u00bb0&Prime;][\/dipl_image_card][\/et_pb_column][et_pb_column type=\u00a0\u00bb1_5&Prime; _builder_version=\u00a0\u00bb4.22.2&Prime; _module_preset=\u00a0\u00bbdefault\u00a0\u00bb global_colors_info=\u00a0\u00bb{}\u00a0\u00bb][dipl_image_card title=\u00a0\u00bbFlorence &#038; Lionel\u00a0\u00bb image=\u00a0\u00bbhttps:\/\/latelier-bleuenn.fr\/wp-content\/uploads\/2023\/10\/1-1.jpg\u00a0\u00bb content_bg_color=\u00a0\u00bb#FFFFFF\u00a0\u00bb _builder_version=\u00a0\u00bb4.24.0&Prime; _module_preset=\u00a0\u00bbdefault\u00a0\u00bb text_orientation=\u00a0\u00bbcenter\u00a0\u00bb global_colors_info=\u00a0\u00bb{}\u00a0\u00bb][\/dipl_image_card][\/et_pb_column][et_pb_column type=\u00a0\u00bb1_5&Prime; _builder_version=\u00a0\u00bb4.24.0&Prime; _module_preset=\u00a0\u00bbdefault\u00a0\u00bb global_colors_info=\u00a0\u00bb{}\u00a0\u00bb][dipl_image_card title=\u00a0\u00bbMarie-Laure &#038; Arnaud\u00a0\u00bb image=\u00a0\u00bbhttps:\/\/latelier-bleuenn.fr\/wp-content\/uploads\/2024\/01\/0303_Mariage_Marie_Laure___Arnaud-305_WEB.jpg\u00a0\u00bb content_bg_color=\u00a0\u00bb#FFFFFF\u00a0\u00bb _builder_version=\u00a0\u00bb4.24.0&Prime; _module_preset=\u00a0\u00bbdefault\u00a0\u00bb text_orientation=\u00a0\u00bbcenter\u00a0\u00bb global_colors_info=\u00a0\u00bb{}\u00a0\u00bb][\/dipl_image_card][\/et_pb_column][et_pb_column type=\u00a0\u00bb1_5&Prime; _builder_version=\u00a0\u00bb4.22.2&Prime; _module_preset=\u00a0\u00bbdefault\u00a0\u00bb global_colors_info=\u00a0\u00bb{}\u00a0\u00bb][dipl_image_card title=\u00a0\u00bbPauline &#038; Vincent\u00a0\u00bb image=\u00a0\u00bbhttps:\/\/latelier-bleuenn.fr\/wp-content\/uploads\/2024\/02\/20230527_Mariage-Pauline-Vincent-515-scaled.jpg\u00a0\u00bb content_bg_color=\u00a0\u00bb#FFFFFF\u00a0\u00bb _builder_version=\u00a0\u00bb4.24.2&Prime; _module_preset=\u00a0\u00bbdefault\u00a0\u00bb title_text_align=\u00a0\u00bbcenter\u00a0\u00bb hover_enabled=\u00a0\u00bb0&Prime; global_colors_info=\u00a0\u00bb{}\u00a0\u00bb sticky_enabled=\u00a0\u00bb0&Prime;][\/dipl_image_card][\/et_pb_column][et_pb_column type=\u00a0\u00bb1_5&Prime; _builder_version=\u00a0\u00bb4.22.2&Prime; _module_preset=\u00a0\u00bbdefault\u00a0\u00bb global_colors_info=\u00a0\u00bb{}\u00a0\u00bb][dipl_tilt_image _builder_version=\u00a0\u00bb4.24.2&Prime; _module_preset=\u00a0\u00bbdefault\u00a0\u00bb hover_enabled=\u00a0\u00bb0&Prime; sticky_enabled=\u00a0\u00bb0&Prime;][\/dipl_tilt_image][dipl_image_card _builder_version=\u00a0\u00bb4.24.2&Prime; _module_preset=\u00a0\u00bbdefault\u00a0\u00bb title=\u00a0\u00bbLaur\u00e8ne &#038; Florent\u00a0\u00bb hover_enabled=\u00a0\u00bb0&Prime; sticky_enabled=\u00a0\u00bb0&Prime;][\/dipl_image_card][\/et_pb_column][\/et_pb_row][\/et_pb_section]<\/p>\n","protected":false},"excerpt":{"rendered":"<p>Bienvenue chez L&rsquo;Atelier Bleuenn ! Nous mettons un point d\u2019honneur \u00e0 concr\u00e9tiser vos envies en harmonisant vos id\u00e9es afin de cr\u00e9er une ambiance florale unique qui vous ressemble. Avec une approche minutieuse et naturelle, j&rsquo;aime m\u00e9langer les couleurs et les mati\u00e8res pour cr\u00e9er des arrangements floraux \u00e0 la fois \u00e9l\u00e9gants et authentiques. Au sein de [&hellip;]<\/p>\n","protected":false},"author":1,"featured_media":0,"parent":0,"menu_order":0,"comment_status":"closed","ping_status":"closed","template":"","meta":{"_et_pb_use_builder":"on","_et_pb_old_content":"","_et_gb_content_width":"","footnotes":""},"class_list":["post-80","page","type-page","status-publish","hentry"],"_links":{"self":[{"href":"https:\/\/latelier-bleuenn.fr\/index.php\/wp-json\/wp\/v2\/pages\/80","targetHints":{"allow":["GET"]}}],"collection":[{"href":"https:\/\/latelier-bleuenn.fr\/index.php\/wp-json\/wp\/v2\/pages"}],"about":[{"href":"https:\/\/latelier-bleuenn.fr\/index.php\/wp-json\/wp\/v2\/types\/page"}],"author":[{"embeddable":true,"href":"https:\/\/latelier-bleuenn.fr\/index.php\/wp-json\/wp\/v2\/users\/1"}],"replies":[{"embeddable":true,"href":"https:\/\/latelier-bleuenn.fr\/index.php\/wp-json\/wp\/v2\/comments?post=80"}],"version-history":[{"count":18,"href":"https:\/\/latelier-bleuenn.fr\/index.php\/wp-json\/wp\/v2\/pages\/80\/revisions"}],"predecessor-version":[{"id":407,"href":"https:\/\/latelier-bleuenn.fr\/index.php\/wp-json\/wp\/v2\/pages\/80\/revisions\/407"}],"wp:attachment":[{"href":"https:\/\/latelier-bleuenn.fr\/index.php\/wp-json\/wp\/v2\/media?parent=80"}],"curies":[{"name":"wp","href":"https:\/\/api.w.org\/{rel}","templated":true}]}}

<p>[et_pb_section fb_built= »1&Prime; _builder_version= »4.22.2&Prime; _module_preset= »default » background_color= »#FFFFFF » global_colors_info= »{} »][et_pb_row _builder_version= »4.22.2&Prime; _module_preset= »default » global_colors_info= »{} »][et_pb_column type= »4_4&Prime; _builder_version= »4.22.2&Prime; _module_preset= »default » global_colors_info= »{} »][et_pb_menu menu_style= »centered » _builder_version= »4.24.2&Prime; _module_preset= »default » global_colors_info= »{} »][/et_pb_menu][et_pb_heading title= »L&rsquo;ambiance florale de votre mariage se doit de mettre en valeur ce que votre union a de plus intense et de plus profond. » _builder_version= »4.24.2&Prime; _module_preset= »default » title_font= »Abyssinica SIL||on|||on||| » title_text_align= »center » title_font_size= »15px » title_letter_spacing= »6px » title_line_height= »1.3em » background_enable_image= »off » global_colors_info= »{} »][/et_pb_heading][/et_pb_column][/et_pb_row][et_pb_row column_structure= »2_5,3_5&Prime; _builder_version= »4.22.2&Prime; _module_preset= »default » global_colors_info= »{} »][et_pb_column type= »2_5&Prime; _builder_version= »4.22.2&Prime; _module_preset= »default » background_enable_color= »off » background_image= »https://latelier-bleuenn.fr/wp-content/uploads/2023/10/bg20-scaled.jpg » global_colors_info= »{} »][et_pb_image src= »https://latelier-bleuenn.fr/wp-content/uploads/2024/01/0068_Mariage_Marie_Laure___Arnaud-68_WEB.jpg » title_text= »0068_Mariage_Marie_Laure___Arnaud-68_WEB » _builder_version= »4.24.0&Prime; _module_preset= »default » global_colors_info= »{} »][/et_pb_image][/et_pb_column][et_pb_column type= »3_5&Prime; _builder_version= »4.22.2&Prime; _module_preset= »default » global_colors_info= »{} »][et_pb_text _builder_version= »4.24.0&Prime; _module_preset= »default » text_font_size= »13px » global_colors_info= »{} »]</p>
<p>Bienvenue chez L&rsquo;Atelier Bleuenn ! Nous mettons un point d’honneur à concrétiser vos envies en harmonisant vos idées afin de créer une ambiance florale unique qui vous ressemble.</p>
<p>Avec une approche minutieuse et naturelle, j&rsquo;aime mélanger les couleurs et les matières pour créer des arrangements floraux à la fois élégants et authentiques. Au sein de mon atelier, je donne ainsi vie à vos idées, à vos envies et aux émotions que vous souhaitez  transmettre lors de cette journée unique. Laissez-moi faire de votre mariage un moment magique et inoubliable grâce à mes créations florales.</p>
<p>Bouquet de la mariée, boutonnières, ou encore peigne ou bracelets pour le cortège. Décoration florale pour la cérémonie, composition pour embellir votre véhicule ou encore scénographie de votre salle de réception. Tout est confectionné avec coeur et savoir faire.</p>
<p>Je vous conseille lors  d&rsquo;un premier rendez-vous nous permettant d’échanger sur vos goûts, vos inspirations afin que ce jour unique soit à la hauteur de vos attentes.</p>
<p>Je vous accompagne tout au long de la préparation de votre mariage en restant à votre écoute.</p>
<p>[/et_pb_text][/et_pb_column][/et_pb_row][et_pb_row column_structure= »3_5,2_5&Prime; _builder_version= »4.24.0&Prime; _module_preset= »default » global_colors_info= »{} »][et_pb_column type= »3_5&Prime; _builder_version= »4.24.0&Prime; _module_preset= »default » global_colors_info= »{} »][dipl_tilt_image image= »https://latelier-bleuenn.fr/wp-content/uploads/2024/02/01180.jpg » _builder_version= »4.24.0&Prime; _module_preset= »default » global_colors_info= »{} »][/dipl_tilt_image][/et_pb_column][et_pb_column type= »2_5&Prime; _builder_version= »4.24.0&Prime; _module_preset= »default » global_colors_info= »{} »][dipl_tilt_image image= »https://latelier-bleuenn.fr/wp-content/uploads/2024/02/mariage-civil-soune-sylvain-119.jpg » _builder_version= »4.24.0&Prime; _module_preset= »default » global_colors_info= »{} »][/dipl_tilt_image][/et_pb_column][/et_pb_row][/et_pb_section][et_pb_section fb_built= »1&Prime; _builder_version= »4.22.2&Prime; _module_preset= »default » background_color= »#EDF1F9&Prime; global_colors_info= »{} »][et_pb_row column_structure= »1_5,1_5,1_5,1_5,1_5&Prime; _builder_version= »4.22.2&Prime; _module_preset= »default » global_colors_info= »{} »][et_pb_column type= »1_5&Prime; _builder_version= »4.22.2&Prime; _module_preset= »default » global_colors_info= »{} »][dipl_image_card title= »Isabelle &#038; Jérémie » image= »https://latelier-bleuenn.fr/wp-content/uploads/2023/10/1.jpg » content_bg_color= »#FFFFFF » _builder_version= »4.24.0&Prime; _module_preset= »default » text_orientation= »center » hover_enabled= »0&Prime; global_colors_info= »{} » sticky_enabled= »0&Prime;][/dipl_image_card][/et_pb_column][et_pb_column type= »1_5&Prime; _builder_version= »4.22.2&Prime; _module_preset= »default » global_colors_info= »{} »][dipl_image_card title= »Florence &#038; Lionel » image= »https://latelier-bleuenn.fr/wp-content/uploads/2023/10/1-1.jpg » content_bg_color= »#FFFFFF » _builder_version= »4.24.0&Prime; _module_preset= »default » text_orientation= »center » global_colors_info= »{} »][/dipl_image_card][/et_pb_column][et_pb_column type= »1_5&Prime; _builder_version= »4.24.0&Prime; _module_preset= »default » global_colors_info= »{} »][dipl_image_card title= »Marie-Laure &#038; Arnaud » image= »https://latelier-bleuenn.fr/wp-content/uploads/2024/01/0303_Mariage_Marie_Laure___Arnaud-305_WEB.jpg » content_bg_color= »#FFFFFF » _builder_version= »4.24.0&Prime; _module_preset= »default » text_orientation= »center » global_colors_info= »{} »][/dipl_image_card][/et_pb_column][et_pb_column type= »1_5&Prime; _builder_version= »4.22.2&Prime; _module_preset= »default » global_colors_info= »{} »][dipl_image_card title= »Pauline &#038; Vincent » image= »https://latelier-bleuenn.fr/wp-content/uploads/2024/02/20230527_Mariage-Pauline-Vincent-515-scaled.jpg » content_bg_color= »#FFFFFF » _builder_version= »4.24.2&Prime; _module_preset= »default » title_text_align= »center » hover_enabled= »0&Prime; global_colors_info= »{} » sticky_enabled= »0&Prime;][/dipl_image_card][/et_pb_column][et_pb_column type= »1_5&Prime; _builder_version= »4.22.2&Prime; _module_preset= »default » global_colors_info= »{} »][dipl_tilt_image _builder_version= »4.24.2&Prime; _module_preset= »default » hover_enabled= »0&Prime; sticky_enabled= »0&Prime;][/dipl_tilt_image][dipl_image_card _builder_version= »4.24.2&Prime; _module_preset= »default » title= »Laurène &#038; Florent » hover_enabled= »0&Prime; sticky_enabled= »0&Prime;][/dipl_image_card][/et_pb_column][/et_pb_row][/et_pb_section]</p>

<p>Bienvenue chez L&rsquo;Atelier Bleuenn ! Nous mettons un point d’honneur à concrétiser vos envies en harmonisant vos idées afin de créer une ambiance florale unique qui vous ressemble. Avec une approche minutieuse et naturelle, j&rsquo;aime mélanger les couleurs et les matières pour créer des arrangements floraux à la fois élégants et authentiques. Au sein de [&hellip;]</p>
